 the prime factors of r.
3, 3361
Let h = -13 + 48. Let b = h + 209. List the prime factors of b.
2, 61
Suppose 58 = 4*t - 5*r, -2*t + 2*r = r - 26. What are the prime factors of 22*-19*(-6)/t?
11, 19
Let d(m) = 5*m**2 - 73*m + 246. What are the prime factors of d(-29)?
2, 821
Suppose -o = 2*o + 5*j - 1179, -2*o + 3*j + 805 = 0. Suppose 2*v - o = -2*q - 0*q, -986 = -5*v + 4*q. Let n = -108 + v. What are the prime factors of n?
2, 3, 5
Let j(q) = 102*q + 35. Let a(o) = 203*o + 71. Let u(b) = -2*a(b) + 5*j(b). List the prime factors of u(3).
3, 5, 23
Let v = -31 + 30. Let y be -2 + (5/(-10))/(v/6). List the prime factors of 3/(-4)*y*-4 - -9.
2, 3
Suppose 31*x - 19887 - 33681 = 0. What are the prime factors of (-7 + 8 - -1) + x?
2, 5, 173
Suppose 3*t - 222 = -3*f + 7242, -7472 = -3*f + t. What are the prime factors of f?
2, 3, 5, 83
Suppose -3*m + 2*p + 0*p = -26, 2*m = -3*p. Let n(a) = -a**2 + 7*a - 37. Let r be n(m). What are the prime factors of (r/5)/((-15)/150)?
2, 31
Let k = -133 - -136. Suppose 3*i - 1159 = 2*p, 18*i + k*p = 16*i + 777. List the prime factors of i.
3, 43
Let b(l) = l**3 + 27*l**2 - 3*l + 15. Let y be b(-25). Let v = -896 + y. Suppose -14 = 5*k - v. What are the prime factors of k?
2, 43
Suppose -2*v + 4*m = 10, -4*v + 4*m - 1 = 3. Suppose 12 = v*f + 2*s - 0*s, 0 = -2*s + 6. Suppose 7*z - 485 = f*z. List the prime factors of z.
97
Suppose 44 - 12 = -32*r. Suppose 0 = -2*c + 5*a + 5, -2*a - 4 = 5*c - 2. List the prime factors of (c + r)/((-33)/6237).
3, 7
Let u be (-2 + 1 + 2)*0. Let d be (3 - 15/6)*u. Suppose d*z + 42 = z. List the prime factors of z.
2, 3, 7
Let p = 21399 + -13741. What are the prime factors of p?
2, 7, 547
Let d(q) be the third derivative of 4*q**5/15 + q**4/8 - 4*q**3/3 - 2*q**2 + 30. List the prime factors of d(5).
11, 37
Suppose r - 27432 = -3*k, 10*k = 14*k - 2*r - 36576. List the prime factors of k.
2, 3, 127
Suppose -10*c + 27082 = -34758. List the prime factors of c.
2, 773
Suppose -196 = -4*u + 276. Suppose 45*m + u = 46*m. What are the prime factors of m?
2, 59
Suppose 0 = x + 2*b + 136, b = -7*x + 6*x - 137. Let l = 41 - 86. Let k = l - x. List the prime factors of k.
3, 31
Suppose b - 3151 = 6439. List the prime factors of b.
2, 5, 7, 137
Let o be ((-404)/(-10))/((-18)/(-45)). Let y = 7 - 74. Let g = y + o. List the prime factors of g.
2, 17
Suppose -3*f = 8 + 286. What are the prime factors of 2566*7/f*-7?
1283
What are the prime factors of 4916/1 + 132/(-12)?
3, 5, 109
What are the prime factors of 1010373/195 - 12/30?
3, 11, 157
Suppose 2*j - 5*z = 17, -6*j + 5*j = 4*z + 24. What are the prime factors of 14 + (5 + j)*-5?
3
Let d(n) be the third derivative of n**5/60 + n**4/3 + 9*n**3/2 + 7*n**2. Let s(r) = 5*r - 3. Let h be s(-1). What are the prime factors of d(h)?
3
Suppose -5*x + 5*b + 335 = b, 0 = 2*b + 10. What are the prime factors of 4/42 - (-57009)/x?
5, 181
Suppose 292*u + 100*u - 1374272 = -2*u. What are the prime factors of u?
2, 109
Let o be (-28)/42*27/1. Let a(m) = 2*m**2 + 13*m + 15. List the prime factors of a(o).
3, 11, 13
What are the prime factors of -6 + (9 - 4) + 7 + -3 - -4655?
2, 17, 137
Let f = 32 - -85. Let i = f + -209. Let l = i + 165. What are the prime factors of l?
73
Let r = 128 + -128. Let h(f) = 3*f + 142. What are the prime factors of h(r)?
2, 71
Let r(b) = 4*b**2 - b - 39. Let y be r(-5). Suppose -y*c + 13429 - 2077 = 0. List the prime factors of c.
2, 43
Suppose 136*p - 258324 = 92*p. What are the prime factors of p?
3, 19, 103
Suppose 4 = z + 3*c, -2*c + 36 = 5*z - 3*c. Suppose -339 = 4*o - z*o. Suppose o = 11*r + 3. What are the prime factors of r?
2, 5
Suppose -8 = -2*u - 0. Suppose 0 = 2*s - u*s + 340. Suppose 0 = 3*d - 8*d + 4*k + s, 215 = 5*d + 5*k. List the prime factors of d.
2, 19
Suppose 748*t = 5*d + 752*t - 72349, -2*d = -3*t - 28912. What are the prime factors of d?
5, 11, 263
Suppose t + 2 = 2*u - 4*u, 4*t + 5*u = -14. Let g be -1*t/(24/20). What are the prime factors of (((-8)/g)/(-1))/(4/110)?
2, 11
Let n(d) be the second derivative of -767*d**5/20 - d**4/12 - 7*d**3/6 - 5*d**2/2 + 59*d. What are the prime factors of n(-1)?
2, 3
Let d = -26 + 27. Let u be 11/11*(d - 0). What are the prime factors of 1 - u - (3 - 41)?
2, 19
Suppose 35*o - 1923 = 78717. List the prime factors of o.
2, 3
Suppose -254 = 2*b - b. Let z = 11 - b. List the prime factors of z.
5, 53
List the prime factors of (-496350)/(-12) - 15/10.
3, 17, 811
Suppose 3*l = 2*i - 90945, 3*i = 5*l + 122990 + 13428. What are the prime factors of i?
3, 23, 659
List the prime factors of 1/(-2)*(4 - -2)*-1324.
2, 3, 331
Let a = 24 + -12. Let x be (a/9)/(-2 + 304/150). Suppose 4*i - 4*f - x = f, -3*i + 34 = -2*f. What are the prime factors of i?
2, 5
Let h be 343 - -1*14/(-7). Let z = -186 + h. List the prime factors of z.
5, 31
Suppose 0 = 5*u + 17 + 8, -2*q + 2*u = -1200. Suppose q = 2*z - 75. What are the prime factors of z?
5, 67
Let f(h) = 283*h - 3301. What are the prime factors of f(56)?
12547
Let t be (-90)/(-27)*6/4. Let u(y) = -y + 7. Let w be u(t). List the prime factors of 117*(w - (3 - 2)).
3, 13
Let v = -69 - -19828. List the prime factors of v.
19759
Suppose 0 = -9*t - 4654 - 11213. Let u = t + 2651. What are the prime factors of u?
2, 3, 37
Suppose -256392 = -41*r + 14*r. What are the prime factors of r?
2, 1187
Suppose 5*v - 5*w - 279735 = 0, -3*w - 165 + 180 = 0. What are the prime factors of v?
2, 13, 269
Suppose 10*i - 31555 - 23855 = 0. List the prime factors of i.
3, 1847
Suppose -16*j = -30*j + 18*j - 48424. What are the prime factors of j?
2, 6053
Let g(p) = -p**2 - 72*p + 9597. What are the prime factors of g(0)?
3, 7, 457
Suppose 5*o = 4*a + 5099, 0 = 3*o - 4*a + 1410 - 4479. Let v = 16 - -81. Suppose 92*r = v*r - o. What are the prime factors of r?
7, 29
Let b be 4/((-4)/(-65)) + 5. Suppose b + 74 = 3*j. List the prime factors of j.
2, 3
Suppose 0 = -3*x + 6, x - 70 - 128 = -4*m. Suppose -2096 = m*d - 53*d. List the prime factors of d.
2, 131
Suppose 4*j + 101 - 17 = 0. Let w(g) = 2*g**2 + 34*g + 46. What are the prime factors of w(j)?
2, 107
Suppose 104 = a - 0*a. Let i(f) = -3*f**2 + 12*f + 18. Let x be i(7). Let t = a + x. What are the prime factors of t?
59
Suppose 18 = -2*g + 11*g. Let n(k) = 0 - 62*k + 67*k - 9*k**3 + 4 - 4*k**g + 7*k**2. List the prime factors of n(-2).
2, 3, 13
Suppose 0 = -29*i + 108055 - 22795. What are the prime factors of i?
2, 3, 5, 7
Let p(u) = u. Let y be p(-3). Let r be 0/y + (-4 - -7). Suppose -110 - 70 = -r*o. What are the prime factors of o?
2, 3, 5
Let k = 10451 - 468. What are the prime factors of k?
67, 149
Suppose 3*p + 2*x + 1 = 0, 3 + 0 = -5*p - 4*x. Let b(w) = -9*w + 18. Let q(g) = 1. Let z(y) = p*b(y) + 2*q(y). What are the prime factors of z(-9)?
101
Let o = -7568 + 8013. List the prime factors of o.
5, 89
Let v(r) be the first derivative of -r**2/2 + 7*r + 6. Let q be v(3). Suppose 0 = 3*o - 3*w + 6*w - 351, 2*o - 226 = -q*w. List the prime factors of o.
11
Let w(p) = -2*p + 39. Let g be w(17). Suppose 0 = -g*o - 10, -2*o + 2954 = 4*n + 3*o. List the prime factors of n.
3, 13, 19
Let c = -492 + 382. What are the prime factors of (3456/45)/(-6)*c/4?
2, 11
Let d(z) = 8*z**2 + 8*z - 7. Let p = -36 + 40. Let x be d(p). Let k = 14 + x. What are the prime factors of k?
167
Suppose 14*k - 33*k = 104538. List the prime factors of k/(-28) + (-1)/2.
2, 7
Let b = 12123 - 2950. What are the prime factors of b?
9173
Suppose 2*d - d = 3*y + 4, 0 = -4*d - 5*y + 67. Let u(r) = -r**2 + 16*r - 19. Let f be u(d). Suppose 13*j + 1407 = f*j. List the prime factors of j.
3, 67
Suppose 0*f - 2*f = 5*f. Let c(y) = f - 6 + 3 - 40*y + 1. What are the prime factors of c(-3)?
2, 59
List the prime factors of 2654*9/3*(-2329)/(-822).
17, 1327
Suppose -84*s + 81*s = -6. What are the prime factors of (1 - s - 10)*(30 - 43)?
11, 13
Let l = 2763 + 4701. List the prime factors of l.
2, 3, 311
Suppose 0 = 65*d - 14014 - 87906. List the prime factors of d.
2, 7
Let d be (46/(-1))/((-8)/4). Let n = d - 21. What are the prime factors of (-56)/(-10)*(12 - n)?
2, 7
Let y(b) = -2*b - 21. Suppose 2*w - 2*t - 32 = 0, 5*t = 3*w + 4 - 60. Let a be y(w). List the prime factors of 1 + (-4)/(-18) + (-3590)/a.
3
Let w(r) = 250*r**2 - 43*r + 356. List the prime 